 what is 2763 - 3?
2760
In base 9, what is 46 - -2?
48
In base 2, what is -10 + -101110000?
-101110010
In base 16, what is dd - -1?
de
In base 9, what is 2 + -8?
-6
In base 5, what is 220 - -12?
232
In base 2, what is 111101 + 11010?
1010111
In base 6, what is 12 - -3?
15
In base 7, what is 2025 - -23?
2051
In base 6, what is 4 - -520?
524
In base 10, what is -1618 - 0?
-1618
In base 7, what is -61 - 3?
-64
In base 11, what is -1 - 216?
-217
In base 7, what is -20 - -30?
10
In base 14, what is -1 + -8a?
-8b
In base 12, what is -3 - -119?
116
In base 11, what is -3 + 8?
5
In base 13, what is -3 + -58?
-5b
In base 12, what is -78 - 1?
-79
In base 8, what is -4 - 1532?
-1536
In base 8, what is 1417 + -2?
1415
In base 14, what is -6 - 13?
-19
In base 14, what is 2 + 337?
339
In base 5, what is 12021 - 10?
12011
In base 11, what is -26 - -324?
2a9
In base 15, what is -2b - -4?
-27
In base 5, what is 140 - 323?
-133
In base 5, what is 3 + -132?
-124
In base 14, what is 140 + 5?
145
In base 12, what is 100 - -50?
150
In base 15, what is -5c - -8?
-54
In base 5, what is 3 - 222?
-214
In base 6, what is 440 + -51?
345
In base 8, what is 5 - -10?
15
In base 16, what is 8b6 - -1?
8b7
In base 6, what is -104 - 3?
-111
In base 5, what is 0 + -124000?
-124000
In base 6, what is 304 - 1?
303
In base 16, what is 1 + 24ac?
24ad
In base 10, what is 138 - 0?
138
In base 7, what is -14 + -12?
-26
In base 7, what is -206 - -2?
-204
In base 14, what is -3 - -147?
144
In base 11, what is -3 - -477?
474
In base 6, what is -2034 + 4?
-2030
In base 15, what is 6 - 1e7?
-1e1
In base 4, what is -3 - -1231?
1222
In base 12, what is 706b + -4?
7067
In base 10, what is -211 + -3?
-214
In base 12, what is 18 - 2?
16
In base 10, what is -130 + -6?
-136
In base 9, what is 137 + -2?
135
In base 11, what is -1 - -60?
5a
In base 5, what is 44 - 13?
31
In base 2, what is -110000001 - -10?
-101111111
In base 4, what is 2020 + -2?
2012
In base 14, what is -5 - 84?
-89
In base 10, what is 137 - 8?
129
In base 5, what is -1323 - 3?
-1331
In base 15, what is 6 - -cba?
cc1
In base 3, what is -11 - -201112?
201101
In base 13, what is -150 - 1?
-151
In base 16, what is -3b - -1d?
-1e
In base 12, what is 11 + 53b?
550
In base 3, what is -101020 + -102?
-101122
In base 13, what is -a6 - 1?
-a7
In base 14, what is -6 - 428?
-430
In base 10, what is 152 + 47?
199
In base 12, what is -1358 + 5?
-1353
In base 2, what is 10100001 + -10?
10011111
In base 13, what is 1b - 5?
16
In base 11, what is 1 + 55?
56
In base 11, what is a3 + -3?
a0
In base 5, what is -23 - 21344?
-21422
In base 9, what is 5 + 30?
35
In base 13, what is -139 - a?
-146
In base 16, what is -4 + -2e2?
-2e6
In base 10, what is 0 + 334?
334
In base 10, what is -2 - -544?
542
In base 14, what is 33 - -12?
45
In base 13, what is 2 + -148?
-146
In base 12, what is 604 + 2?
606
In base 15, what is 2 - 1e?
-1c
In base 13, what is 1538 - -2?
153a
In base 15, what is -1e - -2?
-1c
In base 8, what is 16 - -1425?
1443
In base 13, what is 1c - -9?
28
In base 11, what is -9535 - -3?
-9532
In base 16, what is -4 + -6?
-a
In base 12, what is 24b1 + 4?
24b5
In base 16, what is -44 + -1?
-45
In base 6, what is -1 + -1101?
-1102
In base 2, what is 0 + -11010001101?
-11010001101
In base 9, what is -285 - 1?
-286
In base 3, what is 12 + 2011112?
2011201
In base 10, what is 100 + -2?
98
In base 13, what is 14 - 2?
12
In base 16, what is 44 + 0?
44
In base 14, what is -1d + 4?
-19
In base 5, what is 34400 + -10?
34340
In base 11, what is 365 + -3?
362
In base 3, what is -220 - 10?
-1000
In base 10, what is -1252 - 15?
-1267
In base 8, what is -16 + -777?
-1015
In base 14, what is -4 + 3a?
36
In base 11, what is 3 + 59a?
5a2
In base 9, what is 3528 + -4?
3524
In base 3, what is 122220 + 12?
200002
In base 16, what is -8 + -1dd?
-1e5
In base 11, what is -5 + 14?
a
In base 12, what is 2557 + 1?
2558
In base 11, what is -38 - 5?
-42
In base 7, what is -2 + 21303?
21301
In base 15, what is 90 + -1b?
74
In base 16, what is 4 + -b?
-7
In base 13, what is -1a0 - -2?
-19b
In base 11, what is 0 + -9?
-9
In base 6, what is -55 + 14?
-41
In base 8, what is -46 - 114?
-162
In base 16, what is 3 - -45b?
45e
In base 12, what is -3 + -229?
-230
In base 10, what is -651 + -6?
-657
In base 8, what is -137 - 2?
-141
In base 9, what is -4 + -55?
-60
In base 6, what is 14 - 1?
13
In base 16, what is 5 + d2?
d7
In base 15, what is 2 + -d?
-b
In base 2, what is -100 + -1100101101?
-1100110001
In base 3, what is -12 - -2022?
2010
In base 14, what is -2c3 - 0?
-2c3
In base 6, what is -5 + -322?
-331
In base 10, what is 170 - 2?
168
In base 4, what is -330312 - -1?
-330311
In base 4, what is -203 + 3?
-200
In base 9, what is -20 - -11?
-8
In base 8, what is -34 - 3?
-37
In base 14, what is 3c6 + -b?
3b9
In base 7, what is 236 + 14?
253
In base 12, what is 5 - -9?
12
In base 14, what is -3 - -b7?
b4
In base 16, what is 9 - -185?
18e
In base 16, what is 3 - 8ba?
-8b7
In base 7, what is 5433 - -3?
5436
In base 12, what is 1a - 50?
-32
In base 12, what is -3 + 24?
21
In base 3, what is 11 + 11111?
11122
In base 5, what is -1 - 11230?
-11231
In base 13, what is 0 + 2b4?
2b4
In base 4, what is -102 - 100?
-202
In base 10, what is -3 - 9?
-12
In base 2, what is 1010100010001 - 101?
1010100001100
In base 12, what is 137 + 5?
140
In base 7, what is -156 - 20?
-206
In base 9, what is -5833 + -2?
-5835
In base 10, what is 0 - 350?
-350
In base 5, what is -2 - 304?
-311
In base 7, what is -1 + 613?
612
In base 7, what is 1005 - -21?
1026
In base 9, what is -37 + -21?
-58
In base 8, what is 10 + -52?
-42
In base 15, what is -6 - 34?
-3a
In base 8, what is 1 - -16?
17
In base 13, what is 73 - -9?
7c
In base 9, what is -12 - 245?
-257
In base 4, what is -2 - 312?
-320
In base 8, what is -321 + 1?
-320
In base 15, what is -9 - -700?
6e6
In base 16, what is 5 - -4e7?
4ec
In base 9, what is 14 - -5?
20
In base 2, what is -100 - -1100110100?
1100110000
In base 6, what is 25 + -144?
-115
In base 16, what is -1 - -27e?
27d
In base 4, what is -12100 + -10?
-12110
In base 13, what is 327 - 2?
325
In base 5, what is 43 + -342?
-244
In base 9, what is 5 - 328?
-323
In base 7, what is 214 + 0?
214
In base 4, what is 1001331 + 10?
1002001
In base 15, what is 2 - -4?
6
In base 5, what is -44 - -100?
1
In base 7, what is 61 + -121?
-30
In base 13, what is 36 + 15?
4b
In base 3, what is 101 - -100?
201
In base 5, what is -32 - -33?
1
In base 12, what is 53 - 16?
39
In base 6, what is -4 + -32?
-40
In base 6, what is -11500 + 2?
-11454
In base 8, what is 163 + 3?
166
In base 12, what is -100 + 21?
-9b
In base 16, what is 8 + 33?
3b
In base 4, what is -111 + 110?
-1
In base 16, what is -3 - 14?
-17
In base 7, what is -500 - 5?
-505
In base 8, what is 762 - 1?
761
In base 10, what is 49 - 6?
43
In base 8, what is 7 - 4402?
-4373
In base 11, what is 54 - 2?
52
In base 16, what is 4 + -542?
-53e
In base 10, what is 149 + -8?
141
In base 7, what is 3 - 55?
-52
In base 7, what is -16534 - -4?
-16530
In base 8, what is 10 - -155?
165
In base 2, what is -10100 - -1011?
-1001
In base 16, what is -7 - 14?
-1b
In base 4, what is -2 - -12310?
12302
In base 5, what is 234 + 21?
310
In base 8, what is -2 - -6?
4
In base 16, what is 76 + 3?
79
In base 2, what is -1000010 - -100?
-111110
In base 10, what is -9 - 8?
-17
In base 13, what is -129 + 6?
-123
In base 6, what is -110 - -20?
-50
In base 14, what is -7 + -8ad?
-8b6
In base 8, what is 1312 - -20?
1332
In base 9, what is -2 - 53?
-55
In base 14, what is 3b1 - -4?
3b5
In base 8, what is -402 - -5?
-375
In base 6, what is -111153 + 0?
-111153
In base 8, what is -337 - 15?
-354
In base 10, what is -66 - -5?
-61
In base 14, what is 0 - -156?
156
In base 12, what is -160 - 1?
-161
In base 12, what is -7a1 - -1?
-7a0
In base 7, what is 1136 + -16?
1120
In base 15, what is a - 7?
3
In base 5, what is 12 + -42213?
-42201
In base 3, what is -112221111 - 12?
-112221200
In base 2, what is -11000010 + -11?
-11000101
In base 14, what is -6 - -40?
38
In base 14, what is b3 - 3d?
74
In base 10, what is -5799 + 2?
-5797
In base 14, what is 383 + 4?
387
In base 14, what is 0 + 233?
233
In base 13, what is 1095 + 3?
1098
In base 3, what is -201 - -12?
-112
In base 4, what is -